74189?
4
What is the thousands digit of 420374?
0
What is the hundred thousands digit of 107458?
1
What is the hundreds digit of 4860719?
7
What is the units digit of 609664?
4
What is the hundred thousands digit of 319245?
3
What is the ten millions digit of 28976652?
2
What is the tens digit of 15843527?
2
What is the thousands digit of 1736334?
6
What is the hundred thousands digit of 750434?
7
What is the thousands digit of 116963?
6
What is the hundreds digit of 354061?
0
What is the ten thousands digit of 1230792?
3
What is the thousands digit of 3679219?
9
What is the hundreds digit of 203113?
1
What is the hundreds digit of 2685022?
0
What is the thousands digit of 1362131?
2
What is the ten thousands digit of 377627?
7
What is the thousands digit of 4584913?
4
What is the units digit of 400166?
6
What is the tens digit of 3789609?
0
What is the units digit of 15600?
0
What is the tens digit of 3856979?
7
What is the tens digit of 2303226?
2
What is the thousands digit of 84772?
4
What is the millions digit of 12803932?
2
What is the hundreds digit of 76413?
4
What is the hundreds digit of 2180439?
4
What is the ten thousands digit of 295805?
9
What is the ten thousands digit of 1081405?
8
What is the hundreds digit of 81358?
3
What is the millions digit of 2577956?
2
What is the thousands digit of 161413?
1
What is the tens digit of 156669?
6
What is the hundred thousands digit of 2149148?
1
What is the tens digit of 13982656?
5
What is the tens digit of 79178?
7
What is the tens digit of 83779?
7
What is the hundreds digit of 157599?
5
What is the thousands digit of 675023?
5
What is the units digit of 513231?
1
What is the ten thousands digit of 12011744?
1
What is the ten thousands digit of 721272?
2
What is the hundreds digit of 140845?
8
What is the hundreds digit of 738572?
5
What is the ten millions digit of 41723382?
4
What is the ten thousands digit of 830130?
3
What is the millions digit of 14899268?
4
What is the ten thousands digit of 325185?
2
What is the ten thousands digit of 5644003?
4
What is the hundred thousands digit of 354811?
3
What is the ten millions digit of 39770994?
3
What is the units digit of 18153561?
1
What is the hundred thousands digit of 171077?
1
What is the hundred thousands digit of 662244?
6
What is the ten thousands digit of 1669406?
6
What is the units digit of 1315743?
3
What is the hundreds digit of 1628411?
4
What is the ten millions digit of 26264708?
2
What is the ten thousands digit of 15156768?
5
What is the units digit of 7347520?
0
What is the units digit of 992098?
8
What is the hundred thousands digit of 334797?
3
What is the thousands digit of 270275?
0
What is the units digit of 79875?
5
What is the units digit of 1899541?
1
What is the tens digit of 10486?
8
What is the units digit of 14417588?
8
What is the ten thousands digit of 216306?
1
What is the millions digit of 30253294?
0
What is the hundreds digit of 3850669?
6
What is the ten thousands digit of 1452078?
5
What is the ten thousands digit of 7798489?
9
What is the thousands digit of 2702185?
2
What is the hundreds digit of 1187656?
6
What is the tens digit of 735593?
9
What is the thousands digit of 19246?
9
What is the tens digit of 24227884?
8
What is the hundreds digit of 3068214?
2
What is the hundreds digit of 205643?
6
What is the hundred thousands digit of 1088153?
0
What is the tens digit of 707732?
3
What is the hundred thousands digit of 134012?
1
What is the millions digit of 1698832?
1
What is the ten thousands digit of 2326598?
2
What is the hundred thousands digit of 2844374?
8
What is the thousands digit of 1037386?
7
What is the thousands digit of 5933069?
3
What is the hundred thousands digit of 8341131?
3
What is the units digit of 489000?
0
What is the units digit of 82028?
8
What is the tens digit of 384187?
8
What is the ten thousands digit of 538853?
3
What is the thousands digit of 2113746?
3
What is the hundreds digit of 8086153?
1
What is the tens digit of 392156?
5
What is the tens digit of 63374?
7
What is the tens digit of 176852?
5
What is the millions digit of 5679390?
5
What is the hundreds digit of 72398?
3
What is the hundred thousands digit of 163706?
1
What is the units digit of 40738139?
9
What is the hundred thousands digit of 569204?
5
What is the ten thousands digit of 1225094?
2
What is the units digit of 6600656?
6
What is the hundred thousands digit of 4721773?
7
What is the tens digit of 474432?
3
What is the ten thousands digit of 306592?
0
What is the tens digit of 261452?
5
What is the hundred thousands digit of 108417?
1
What is the units digit of 1706403?
3
What is the hundred thousands digit of 447389?
4
What is the hundreds digit of 12939465?
4
What is the thousands digit of 17477406?
7
What is the ten millions digit of 12230716?
1
What is the tens digit of 340768?
6
What is the ten millions digit of 39246310?
3
What is the units digit of 8915837?
7
What is the ten millions digit of 19830587?
1
What is the tens digit of 362213?
1
What is the hundreds digit of 2546201?
2
What is the tens digit of 11472158?
5
What is the hundred thousands digit of 1080671?
0
What is the hundreds digit of 11715317?
3
What is the hundreds digit of 32933422?
4
What is the units digit of 176691?
1
What is the hundred thousands digit of 3306760?
3
What is the units digit of 72830?
0
What is the hundred thousands digit of 39179049?
1
What is the units digit of 2217?
7
What is the ten thousands digit of 18947261?
4
What is the units digit of 101831?
1
What is the tens digit of 2750442?
4
What is the ten thousands digit of 1060195?
6
What is the millions digit of 3835243?
3
What is the units digit of 141423?
3
What is the millions digit of 2058810?
2
What is the ten millions digit of 18711949?
1
What is the units digit of 68107?
7
What is the tens digit of 7914515?
1
What is the units digit of 17095910?
0
What is the tens digit of 451383?
8
What is the millions digit of 10180472?
0
What is the tens digit of 8822?
2
What is the hundreds digit of 1003379?
3
What is the tens digit of 402319?
1
What is the thousands digit of 382299?
2
What is the tens digit of 6738355?
5
What is the millions digit of 6009641?
6
What is the hundreds digit of 16092027?
0
What is the thousands digit of 17015950?
5
What is the hundred thousands digit of 2285475?
2
What is the thousands digit of 3937253?
7
What is the tens digit of 490949?
4
What is the tens digit of 378420?
2
What is the hundreds digit of 3543737?
7
What is the hundreds digit of 137354?
3
What is the thousands digit of 8836187?
6
What is the thousands digit of 757758?
7
What is the units digit of 67986?
6
What is the ten thousands digit of 137174?
3
What is the hundreds digit of 447394?
3
What is the units digit of 32786?
6
What is the tens digit of 818973?
7
What is the ten thousands digit of 439564?
3
What is the tens digit of 349011?
1
What is the ten thousands digit of 4073445?
7
What is the thousands digit of 5834110?
4
What is the thousands digit of 947638?
7
What is the thousands digit of 961655?
1
What is the hundreds digit of 2481078?
0
What is the hundreds digit of 815601?
6
What is the ten thousands digit of 484841?
8
What is the thousands digit of 721366?
1
What is the hundreds digit of 1355376?
3
What is the thousands digit of 5619978?
9
What is the units digit of 3186?
6
What is the thousands digit of 5271896?
1
What is the ten thousands digit of 1474217?
7
What is the ten thousands digit of 923696?
2
What is the hundreds digit of 108775?
7
What is the units digit of 5981748?
8
What is the ten thousands digit of 4253702?
5
What is the hundreds digit of 2627333?
3
What is the tens digit of 775040?
4
What is the tens digit of 190718?
1
What is the units digit of 3678375?
5
What is the ten thousands digit of 10855344?
5
What is the ten thousands digit of 20574?
2
What is the units digit of 24592526?
6
What is the tens digit of 1216372?
7
What is the hundred thousands digit of 511285?
5
What is the thousands digit of 2184382?
4
What is the ten thousands digit of 752715?
5
What is the tens digit of 11431512?
1
What is the units digit of 5016994?
4
What is the units digit of 102972?
2
What is the hundred thousands digit of 804312?
8
What is the